
Calculate the remainder when 497 is divided by 20.
17
What is the remainder when 131 is divided by 39?
14
Calculate the remainder when 4254 is divided by 38.
36
What is the remainder when 241 is divided by 81?
79
What is the remainder when 280 is divided by 120?
40
Calculate the remainder when 1118 is divided by 10.
8
Calculate the remainder when 40 is divided by 13.
1
What is the remainder when 5044 is divided by 58?
56
What is the remainder when 445 is divided by 162?
121
Calculate the remainder when 747 is divided by 30.
27
What is the remainder when 61 is divided by 42?
19
What is the remainder when 1376 is divided by 53?
51
What is the remainder when 33 is divided by 18?
15
What is the remainder when 122 is divided by 84?
38
What is the remainder when 576 is divided by 20?
16
Calculate the remainder when 222 is divided by 70.
12
What is the remainder when 701 is divided by 158?
69
What is the remainder when 344 is divided by 27?
20
What is the remainder when 121 is divided by 25?
21
Calculate the remainder when 261 is divided by 11.
8
What is the remainder when 2916 is divided by 729?
0
What is the remainder when 338 is divided by 2?
0
What is the remainder when 246 is divided by 36?
30
Calculate the remainder when 1976 is divided by 99.
95
What is the remainder when 225 is divided by 57?
54
What is the remainder when 338 is divided by 57?
53
Calculate the remainder when 3562 is divided by 54.
52
Calculate the remainder when 1456 is divided by 27.
25
What is the remainder when 159 is divided by 23?
21
What is the remainder when 87 is divided by 38?
11
Calculate the remainder when 129 is divided by 1.
0
What is the remainder when 3114 is divided by 89?
88
What is the remainder when 115 is divided by 30?
25
Calculate the remainder when 321 is divided by 17.
15
What is the remainder when 6363 is divided by 86?
85
What is the remainder when 2365 is divided by 103?
99
Calculate the remainder when 370 is divided by 22.
18
Calculate the remainder when 3224 is divided by 535.
14
Calculate the remainder when 124 is divided by 30.
4
What is the remainder when 1424 is divided by 95?
94
Calculate the remainder when 490 is divided by 26.
22
What is the remainder when 321 is divided by 55?
46
Calculate the remainder when 2331 is divided by 26.
17
What is the remainder when 48 is divided by 29?
19
Calculate the remainder when 786 is divided by 13.
6
What is the remainder when 2528 is divided by 17?
12
What is the remainder when 1473 is divided by 123?
120
What is the remainder when 1006 is divided by 145?
136
Calculate the remainder when 10493 is divided by 32.
29
Calculate the remainder when 5408 is divided by 1797.
17
What is the remainder when 120 is divided by 26?
16
What is the remainder when 9303 is divided by 18?
15
Calculate the remainder when 341 is divided by 211.
130
What is the remainder when 82 is divided by 20?
2
Calculate the remainder when 898 is divided by 75.
73
Calculate the remainder when 1075 is divided by 27.
22
Calculate the remainder when 33 is divided by 15.
3
What is the remainder when 50 is divided by 27?
23
Calculate the remainder when 939 is divided by 71.
16
Calculate the remainder when 608 is divided by 2.
0
Calculate the remainder when 147 is divided by 16.
3
Calculate the remainder when 294 is divided by 81.
51
What is the remainder when 101 is divided by 28?
17
Calculate the remainder when 310 is divided by 217.
93
What is the remainder when 498 is divided by 46?
38
What is the remainder when 240 is divided by 66?
42
Calculate the remainder when 5951 is divided by 192.
191
Calculate the remainder when 107 is divided by 27.
26
What is the remainder when 692 is divided by 3?
2
What is the remainder when 541 is divided by 34?
31
What is the remainder when 283 is divided by 46?
7
Calculate the remainder when 30 is divided by 27.
3
Calculate the remainder when 467 is divided by 59.
54
What is the remainder when 2310 is divided by 77?
0
Calculate the remainder when 95 is divided by 36.
23
Calculate the remainder when 193 is divided by 11.
6
What is the remainder when 104 is divided by 20?
4
What is the remainder when 331 is divided by 28?
23
What is the remainder when 185 is divided by 67?
51
Calculate the remainder when 434 is divided by 29.
28
Calculate the remainder when 152 is divided by 31.
28
What is the remainder when 12128 is divided by 31?
7
Calculate the remainder when 276 is divided by 49.
31
Calculate the remainder when 266 is divided by 29.
5
Calculate the remainder when 28 is divided by 26.
2
What is the remainder when 104 is divided by 15?
14
What is the remainder when 2205 is divided by 589?
438
What is the remainder when 6148 is divided by 15?
13
Calculate the remainder when 101 is divided by 18.
11
What is the remainder when 1633 is divided by 543?
4
Calculate the remainder when 112 is divided by 44.
24
Calculate the remainder when 115 is divided by 24.
19
Calculate the remainder when 2741 is divided by 547.
6
What is the remainder when 11017 is divided by 380?
377
What is the remainder when 631 is divided by 150?
31
Calculate the remainder when 207 is divided by 14.
11
Calculate the remainder when 1594 is divided by 14.
12
What is the remainder when 903 is divided by 113?
112
What is the remainder when 3721 is divided by 17?
15
What is the remainder when 216 is divided by 98?
20
Calculate the remainder when 10163 is divided by 15.
8
What is the remainder when 423 is divided by 157?
109
Calculate the remainder when 208 is divided by 19.
18
What is the remainder when 8670 is divided by 23?
22
What is the remainder when 313 is divided by 117?
79
Calculate the remainder when 3293 is divided by 150.
143
Calculate the remainder when 306 is divided by 18.
0
What is the remainder when 2122 is divided by 97?
85
What is the remainder when 582 is divided by 521?
61
What is the remainder when 10 is divided by 3?
1
Calculate the remainder when 824 is divided by 7.
5
What is the remainder when 69 is divided by 47?
22
Calculate the remainder when 397 is divided by 99.
1
What is the remainder when 84 is divided by 18?
12
What is the remainder when 171 is divided by 39?
15
Calculate the remainder when 971 is divided by 385.
201
Calculate the remainder when 167 is divided by 10.
7
What is the remainder when 26 is divided by 25?
1
What is the remainder when 1551 is divided by 194?
193
Calculate the remainder when 91 is divided by 3.
1
What is the remainder when 196 is divided by 19?
6
Calculate the remainder when 538 is divided by 177.
7
What is the remainder when 33709 is divided by 8?
5
What is the remainder when 1289 is divided by 15?
14
What is the remainder when 44 is divided by 34?
10
What is the remainder when 475 is divided by 29?
11
Calculate the remainder when 2624 is divided by 73.
69
What is the remainder when 587 is divided by 55?
37
Calculate the remainder when 2854 is divided by 712.
6
What is the remainder when 229 is divided by 47?
41
Calculate the remainder when 393 is divided by 54.
15
Calculate the remainder when 154 is divided by 44.
22
Calculate the remainder when 1937 is divided by 38.
37
What is the remainder when 122 is divided by 25?
22
Calculate the remainder when 13 is divided by 3.
1
Calculate the remainder when 648 is divided by 53.
12
Calculate the remainder when 57 is divided by 10.
7
Calculate the remainder when 78 is divided by 49.
29
What is the remainder when 218 is divided by 22?
20
What is the remainder when 371 is divided by 12?
11
What is the remainder when 62 is divided by 32?
30
Calculate the remainder when 415 is divided by 136.
7
What is the remainder when 3551 is divided by 23?
9
What is the remainder when 246 is divided by 18?
12
Calculate the remainder when 623 is divided by 37.
31
Calculate the remainder when 2491 is divided by 21.
13
Calculate the remainder when 81 is divided by 17.
13
Calculate the remainder when 915 is divided by 131.
129
What is the remainder when 348 is divided by 61?
43
Calculate the remainder when 655 is divided by 215.
10
Calculate the remainder when 2471 is divided by 75.
71
Calculate the remainder when 12 is divided by 6.
0
What is the remainder when 637 is divided by 58?
57
Calculate the remainder when 32 is divided by 9.
5
Calculate the remaind